
Calculate (1 + 39 - -3) + (-299 - -286).
30
Evaluate 143 - 147 - (-3 + 1 - 0).
-2
Calculate (4 + 3 - -3) + -11 - -3.
2
1 + 19 + (0 - 9 - -18) + -12
17
Evaluate 7 - (-1 + -3 - ((-10 - -13) + -8)).
6
What is (-1 - 2) + (-312 - -316)?
1
3 + -13 + (25 - 26) + -7 + -8
-26
What is the value of 619 + -634 + 6 + -1?
-10
What is the value of -5 - (-2 - (0 - (-10 - -7)))?
0
Evaluate 439 + -417 - (4 + 27).
-9
What is the value of -56 + 38 - (1 + 3 + 12)?
-34
Evaluate -14 + 11 + -33 - -7.
-29
Calculate 7 + 6 + 9 + (-2 - (-3 - -8)).
15
21 + 190 + -177 + (-28 - 1)
5
(-6 + 4 - 18) + 20
0
What is the value of 18 + -34 - 10 - -4?
-22
Calculate -5 + 3 + 9 + 4 + -4.
7
What is -23 - (-64 - -18 - -18)?
5
What is the value of 76 + -73 + (1 + -4 - -2)?
2
7 + -1 + (1 + 1 - (0 - 1))
9
Calculate -17 + -74 + 56 + (4 - -8).
-23
What is the value of (7 - (-4 - (-1 + -4))) + -11 + 8?
3
-9 - -18 - (0 + 2 + -2 - 0)
9
Calculate 12 - (15 + 13 - 31).
15
What is the value of (-14 - -25) + 10 + -31?
-10
What is (-16 - (-16 + -7)) + (0 + -3 - 0)?
4
What is 6 + 4 - (-1 + 7) - -6?
10
Calculate -18 + -1 + (19 - -11).
11
What is 8 + 10 - (5 - -10 - -34)?
-31
4 + (1 - 6 - -1 - (-6 + 19))
-13
What is ((0 - 1) + -1 - 2) + -177 + 183?
2
17 + (-13 - (9 + -23))
18
What is the value of -6 + 9 + 10 + -11 - 8?
-6
What is -3 - ((-1 - 2) + 34 - (-15 - -24))?
-25
(-4 - -7) + 0 - (21 + -9 - 11)
2
What is the value of 11 + -3 + 6 + -5 + -15 - -12?
6
What is 11 + 11 + -16 - (-1 + (0 - 3))?
10
Evaluate 4 + -23 + -35 + 47.
-7
(-1 - ((-9 - -1) + -2 + 16)) + 12
5
Calculate (15 - 6) + 26 + -41.
-6
What is the value of -7 + -4 + (-11 - -10) + -7?
-19
Evaluate -19 - (-3 + -14 + -6).
4
Calculate (-152 - -160) + (-6 - 1).
1
What is (-4 + -1 - (22 + -8 + 3)) + -10?
-32
4 + 7 + -6 + -4 + -2 + -4
-5
What is the value of (-11 - (-9 + (4 - -3))) + 12?
3
Evaluate -7 + -7 + (24 - 2) - 11.
-3
(-42 - -60) + -5 + 4 + -5
12
Evaluate (14 + -6 - 4) + 4 + -15.
-7
What is the value of (6 - -2) + -31 - -57?
34
Calculate 6 + (-6 + (-17 - -5) - -6) - -13.
7
What is 2 - (3 + -1) - (-47 - -39)?
8
Evaluate 84 + -123 - (4 + -11 + (-1 - 2)).
-29
(-2 - 10) + (-8 + 8 - -5) + -4
-11
What is the value of 5 + -22 - ((-2 + -7 - -18) + -8)?
-18
-10 - ((-6 - (2 - 0)) + 6)
-8
What is -10 + 50 + -31 + (1 - 1)?
9
Evaluate -12 + -13 - (-66 + 54).
-13
Calculate 6 + 4 + -5 + (-11 - 2).
-8
-18 - (0 + -1 + 0 + -4)
-13
What is (1 - (-2 + 15)) + (-16 - -9) + 7?
-12
28 + (5 - 6) + (-12 - (18 - 18))
15
What is (4 - -6 - 2) + -5?
3
Evaluate -30 + (5 + (4 + -6 - 2) - -2).
-27
What is -4 + (5 - -3 - (-40 + 31))?
13
What is -45 + 47 + (0 - -4) + (-5 - 2)?
-1
Evaluate 27 - (47 + -14) - (0 + -5 + -3).
2
What is the value of 2 - -1 - (1 + (-19 - -11))?
10
0 + -40 - (-511 + 495) - -3
-21
Calculate 5 + (30 - 68) - -24.
-9
What is -10 + 8 + -5 + (7 - -4) - -5?
9
Evaluate -1 - ((-11 - -23) + -18).
5
(-16 - -10) + (-4 - (-1 - 2 - 14))
7
Calculate (6 - 11) + (13 - ((0 - -5) + -8)).
11
What is the value of (-44 - -30) + 14 - (1 - 6)?
5
What is the value of -206 - -187 - (-1 + -32)?
14
Evaluate -5 - (-4 + 19 + -3 + -7).
-10
-22 - (9 + -8 - -4) - (3 + -12)
-18
249 + -237 + 15 + 0 + -14
13
Evaluate -1 - (21 + -25 + 3).
0
Evaluate (4 - 2) + (0 - 2) + 11.
11
What is 11 - ((5 - 0) + (-31 + 42 - -24))?
-29
Calculate -17 - (3 + -19) - (-11 + -2).
12
Evaluate 5 - (28 + -24 + -1 + 6 + -10).
6
Evaluate -4 + 4 + -1 + (-4 - 2).
-7
Calculate -33 - -13 - -27 - (28 - -1).
-22
What is the value of (-8 - 9 - -12) + 0 + (3 - 30)?
-32
What is 4 + (-3 - (5 - -10)) + 24?
10
What is the value of -7 - (1 - -17) - -20 - (21 + 1)?
-27
Evaluate 8 + (11 - 33) + 22.
8
What is (-13 - -22) + 13 + -41?
-19
Calculate 1 + (-12 - -11 - 6) + 1 + 6.
1
-11 + 24 + -2 + 14 + 5 + -6
24
Evaluate (5 - -35) + 1 - 57.
-16
Evaluate -6 - (7 - (-2 + 1)).
-14
Calculate -3 - 1 - (-42 + 56 - 28).
10
37 + 5 - (-79 - -96)
25
3 - (-14 + (33 - 14))
-2
Evaluate 20 + -21 - (7 + -17).
9
What is the value of 6 + -4 - (-46 + 38 + -1 + 27)?
-16
What is the value of 11 + (6 - 10) + (-10 - 6)?
-9
(5 - 6) + -2 - (6 - 13)
4
What is the value of (8 - 6 - -1) + -10 + -6?
-13
(-3 - (0 - 1)) + 35 + -32 + 4
5
What is (51 - 58) + (0 - -5)?
-2
What is 1 - (-7 - (-10 + 1 + -2 - 0))?
-3
Evaluate 1 - -3 - (6 - (-9 - 7)) - -4.
-14
What is the value of -19 + (56 - 7) - 14?
16
What is -1 - 2 - (10 - 3 - 8 - 7)?
5
-10 - ((20 - 61) + (-11 - -5) - -9)
28
Evaluate -281 + 237 + (15 - 2).
-31
Calculate -84 + 36 + 19 - (-6 - -4).
-27
What is the value of 3 - (12 - 0) - -7?
-2
What is the value of 1 + 4 - (6 + -2 + -7) - -7?
15
What is (2 + -10 - (-14 - -6)) + 10?
10
Calculate 9 + -7 + (-20 - -9) + 19.
10
-6 - (-24 + -6) - (-3 - (6 - 18))
15
Evaluate 12 + (0 - (4 + 4 - 4)).
8
What is 3 + -1 + 2 + 20 + -13?
11
What is the value of -4 - ((-12 - -12) + 2)?
-6
What is (32 - 8) + (4 - 3 - 12)?
13
Calculate -3 + (-11 + 5 - 1).
-10
Evaluate 16 - 0 - (-211 - -211).
16
Calculate (11 - (1 + (5 - 9))) + 1 + -2.
13
What is the value of (0 - -1) + -5 + -2 + 4 + 4?
2
Calculate 148 + -127 + -8 + -28.
-15
Calculate -26 + 41 + -2 + -34.
-21
19 - (-11 + 30 + -14)
14
What is the value of -1 + 27 - (260 - 240)?
6
(-1 - -1) + -41 + 86 + -61
-16
9 + 33 + -2 + -10 + (3 - 2)
31
Calculate 1 - -6 - -1 - (3 + (-1 - -6)).
0
What is -863 + 867 - (-1 - -13)?
-8
What is the value of -19 - (14 - (14 + 16) - -21)?
-24
What is (-15 - -18) + 6 + 1?
10
-21 + (0 - -2) - (9 - (5 + 6))
-17
5 - (8 + 1 + -7 - 7)
10
What is -8 - ((1 - 14) + -11 + 14)?
2
What is 9 + 0 + (68 + -30 - 47)?
0
Calculate (-7 - (-14 - -7)) + -4.
-4
What is (-6 + 3 - -5 - 20) + 33 + -27?
-12
What is -1 + -1 + (11 - 21 - -13) - -12?
13
Evaluate ((-5 - -17) + 9 - 11) + -21 + -7.
-18
What is the value of 14 + (21 - 25) + -11?
-1
What is 2 + -3 - (-6 - (15 - 4) - -1)?
15
4 + (-22 - -25) + 2
9
Evaluate -2 + -1 - (-2 + -18 + 26).
-9
Calculate 5 + (-7 - -2) - (-5 + 13 + -17).
9
Evaluate 4 - ((2 - 2) + -4).
8
What is the value of 27 - (43 - 3) - (-2 - (-2 + 1))?
-12
Calculate 1 - 24 - (-2221 - -2216).
-18
(-18 - -23) + 4 + (4 - 4 - 0)
9
Calculate 10 - ((-5 - -11) + (13 - 13)).
4
Calculate -2 + 7 + 0 + 1 - -8.
14
What is the value of 4 + -2 + -3 + -23 + 10?
-14
-1 - -15 - (0 + -21 + 24)
11
(4 + -5 - -2) + -15 - (233 - 232)
-15
Evaluate (34 - 7) + (30 - 15) + -25.
17
-10 - (-27 + (-5 - -12) - -11)
-1
What is the value of 31 + -19 + 2 - 3 - 26?
-15
-7 + 18 + (-3 - 2) + -13
-7
Evaluate 12 - 20 - -2 - (0 + 5).
-11
Evaluate (-36 - 1) + 165 + -147.
-19
What is the value of 25 - -3 - (-21 + 35)?
14
Evaluate (3 - -13) + -38 - (2 + -1 + 1).
-24
What is 16 - (-6 + (25 - (4 - -5)))?
6
Evaluate 115 + -128 + (2 - -3) + 2.
-6
What is -2 - -9 - (-3 + (15 - (-5 - -2)))?
-8
What is the value of (-9 - (10 - 14)) + 11 - 3?
3
Calculate 1 + -1 + (-20 - -39 - 13).
6
What is (-10 - ((-12 - -8) + -11)) + (-2 - -20)?
23
What is the value of -11 + 12 - ((3 - 2) + -4 - 0)?
4
Calculate 1 - 12 - (-35 - 15 - -18).
21
Calculate (11 + -14 - -10) + -20 + (-2 - -11).
-4
6 - (-5 + -15 + 0 + 8)
18
Evaluate 12 - (-1 - -5) - (1 + 3) - 7.
-3
-12 + (28 - 10) + (-22 - (-3 - -4))
-17
What is the value of (38 - (-6 + 15)) + -12 - 26?
-9
Calculate -92 + 94 - (0 - 3).
5
(-7 - (18 + -7)) + 38
20
What is (1 - -2 - (5 - (0 + 0))) + 1?
-1
Evaluate -2 + 1 + -2 + 4 + (-9 - -10).
2
What is the value of -2 + 0 + 0 + (4 - -12) + -1?
13
Evaluate (-3 - -4 - -2) + (0 - (-5 - 0)).
8
Evaluate 11 + 0 + (-18 + 16 - (-3 + 6)).
6
Evaluate (-16 - (1 + -1)) + 2299 + -2298.
-15
8 - (0 + -2 - (-10 - -5))
5
What is -2 - (-41 + -4 + -13 - -16)?
40
Evaluate 12 - (-15 + 19 + -35 + 13).
30
Calculate (-10 + 5 - -13) + -20.
-12
Calculate -1 - (16 - (24 - 13)).
-6
Calculate -1 + 1 + -1 - (-53 - (-84 - -19)).
-13
Calculate (0 - -2) + 22 + (-30 - -11) + -19.
-14
(10 + -15 + 7 - 8) + (1 - 0)
-5
Evaluate 1 + 2 - ((-2 - -12) + 3).
-10
Calculate 51 + -41 - ((-3 - (-3 + -3)) + 0).
7
Calculate -1 + -2 + (-23 - -27) + 1 + -4.
-2
Evaluate -3 + (-3 - (6 - 2)).
-10
What is the value of -8 + (5 - (2 + -13) - 5)?
3
-3 + (-1 - -12 - (1 - 1))
8
Evaluate -2 + (5 - 3) + 6 + -4 + -4.
-2
-777 - -783 - (-1 - 2)
9
2 + -10 - (360 + -395)
27
-7 - (1 + (7 - 13) + (-1 - -7))
-8
What is (1 - -11 - 10) + -3 + 4 - 19?
-16
What is the value of 6 - (-15 + 2 + 9)?
10
What is the value of (17 - (5 - -9)) + -7 + 27?
23
Calcu